CRAN Package Check Results for Package AMPLE

Last updated on 2019-10-31 00:50:49 CET.

Flavor Version Tinstall Tcheck Ttotal Status Flags
r-devel-linux-x86_64-debian-clang 0.0.2 5.73 60.60 66.33 OK
r-devel-linux-x86_64-debian-gcc 0.0.2 5.39 45.52 50.91 OK
r-devel-linux-x86_64-fedora-clang 0.0.2 73.34 NOTE
r-devel-linux-x86_64-fedora-gcc 0.0.2 84.87 NOTE
r-devel-windows-ix86+x86_64 0.0.2 26.00 112.00 138.00 OK
r-patched-linux-x86_64 0.0.2 6.42 56.96 63.38 OK
r-patched-solaris-x86 0.0.2 107.60 NOTE
r-release-linux-x86_64 0.0.2 5.66 57.77 63.43 OK
r-release-windows-ix86+x86_64 0.0.2 20.00 102.00 122.00 OK
r-release-osx-x86_64 0.0.2 NOTE
r-oldrel-windows-ix86+x86_64 0.0.2 8.00 107.00 115.00 OK
r-oldrel-osx-x86_64 0.0.2 NOTE

Check Details

Version: 0.0.2
Check: dependencies in R code
Result: NOTE
    Namespace in Imports field not imported from: ‘shinyjs’
     All declared Imports should be used.
Flavors: r-devel-linux-x86_64-fedora-clang, r-devel-linux-x86_64-fedora-gcc, r-patched-solaris-x86, r-release-osx-x86_64, r-oldrel-osx-x86_64