Last updated on 2019-10-31 00:50:49 CET.
Flavor | Version | Tinstall | Tcheck | Ttotal | Status | Flags |
---|---|---|---|---|---|---|
r-devel-linux-x86_64-debian-clang | 0.9.45 | 25.18 | 63.79 | 88.97 | OK | |
r-devel-linux-x86_64-debian-gcc | 0.9.45 | 18.42 | 48.58 | 67.00 | OK | |
r-devel-linux-x86_64-fedora-clang | 0.9.45 | 111.56 | NOTE | |||
r-devel-linux-x86_64-fedora-gcc | 0.9.45 | 108.78 | OK | |||
r-devel-windows-ix86+x86_64 | 0.9.45 | 66.00 | 124.00 | 190.00 | NOTE | |
r-patched-linux-x86_64 | 0.9.45 | 18.60 | 61.46 | 80.06 | OK | |
r-patched-solaris-x86 | 0.9.45 | 149.20 | NOTE | |||
r-release-linux-x86_64 | 0.9.45 | 19.56 | 61.89 | 81.45 | OK | |
r-release-windows-ix86+x86_64 | 0.9.45 | 60.00 | 90.00 | 150.00 | NOTE | |
r-release-osx-x86_64 | 0.9.45 | NOTE | ||||
r-oldrel-windows-ix86+x86_64 | 0.9.45 | 43.00 | 115.00 | 158.00 | NOTE | |
r-oldrel-osx-x86_64 | 0.9.45 | NOTE |
Version: 0.9.45
Check: installed package size
Result: NOTE
installed size is 6.4Mb
sub-directories of 1Mb or more:
extdata 3.7Mb
libs 1.5Mb
Flavors: r-devel-linux-x86_64-fedora-clang, r-devel-windows-ix86+x86_64, r-patched-solaris-x86, r-release-windows-ix86+x86_64, r-release-osx-x86_64, r-oldrel-windows-ix86+x86_64, r-oldrel-osx-x86_64