CRAN Package Check Results for Package ARTool

Last updated on 2019-10-31 00:50:49 CET.

Flavor Version Tinstall Tcheck Ttotal Status Flags
r-devel-linux-x86_64-debian-clang 0.10.6 11.17 109.50 120.67 OK
r-devel-linux-x86_64-debian-gcc 0.10.6 8.74 83.01 91.75 OK
r-devel-linux-x86_64-fedora-clang 0.10.6 165.86 OK
r-devel-linux-x86_64-fedora-gcc 0.10.6 146.40 OK
r-devel-windows-ix86+x86_64 0.10.6 31.00 185.00 216.00 ERROR
r-patched-linux-x86_64 0.10.6 9.44 104.47 113.91 OK
r-patched-solaris-x86 0.10.6 206.50 OK
r-release-linux-x86_64 0.10.6 9.66 104.27 113.93 OK
r-release-windows-ix86+x86_64 0.10.6 37.00 180.00 217.00 OK
r-release-osx-x86_64 0.10.6 OK
r-oldrel-windows-ix86+x86_64 0.10.6 3.00 11.00 14.00 ERROR
r-oldrel-osx-x86_64 0.10.6 OK

Check Details

Version: 0.10.6
Check: whether package can be installed
Result: ERROR
    Installation failed.
Flavors: r-devel-windows-ix86+x86_64, r-oldrel-windows-ix86+x86_64