CRAN Package Check Results for Package Arothron

Last updated on 2019-10-31 00:50:49 CET.

Flavor Version Tinstall Tcheck Ttotal Status Flags
r-devel-linux-x86_64-debian-clang 1.1.0 10.17 91.55 101.72 OK
r-devel-linux-x86_64-debian-gcc 1.1.0 9.11 71.12 80.23 OK
r-devel-linux-x86_64-fedora-clang 1.1.0 147.33 OK
r-devel-linux-x86_64-fedora-gcc 1.1.0 145.29 OK
r-devel-windows-ix86+x86_64 1.1.0 39.00 142.00 181.00 OK
r-patched-linux-x86_64 1.1.0 9.52 87.81 97.33 OK
r-patched-solaris-x86 1.1.0 162.80 OK
r-release-linux-x86_64 1.1.0 10.71 86.78 97.49 OK
r-release-windows-ix86+x86_64 1.1.0 18.00 108.00 126.00 OK
r-release-osx-x86_64 1.0.2 WARN
r-oldrel-windows-ix86+x86_64 1.1.0 13.00 89.00 102.00 OK
r-oldrel-osx-x86_64 1.0.2 WARN

Check Details

Version: 1.0.2
Check: whether package can be installed
Result: WARN
    Found the following significant warnings:
     Warning: 'rgl_init' failed, running with rgl.useNULL = TRUE
Flavors: r-release-osx-x86_64, r-oldrel-osx-x86_64