CRAN Package Check Results for Package BAwiR

Last updated on 2019-10-31 00:50:50 CET.

Flavor Version Tinstall Tcheck Ttotal Status Flags
r-devel-linux-x86_64-debian-clang 1.2 14.43 111.94 126.37 OK
r-devel-linux-x86_64-debian-gcc 1.2 11.79 84.76 96.55 OK
r-devel-linux-x86_64-fedora-clang 1.2 169.95 OK
r-devel-linux-x86_64-fedora-gcc 1.2 175.40 OK
r-devel-windows-ix86+x86_64 1.2 65.00 222.00 287.00 OK
r-patched-linux-x86_64 1.2 11.18 108.16 119.34 OK
r-patched-solaris-x86 1.2 220.80 OK
r-release-linux-x86_64 1.2 11.62 105.92 117.54 OK
r-release-windows-ix86+x86_64 1.2 56.00 205.00 261.00 OK
r-release-osx-x86_64 1.2 WARN
r-oldrel-windows-ix86+x86_64 1.2 61.00 198.00 259.00 OK
r-oldrel-osx-x86_64 1.2 OK

Check Details

Version: 1.2
Check: whether package can be installed
Result: WARN
    Found the following significant warnings:
     Warning: 'rgl_init' failed, running with rgl.useNULL = TRUE
Flavor: r-release-osx-x86_64