Last updated on 2019-10-31 00:50:50 CET.
Flavor | Version | Tinstall | Tcheck | Ttotal | Status | Flags |
---|---|---|---|---|---|---|
r-devel-linux-x86_64-debian-clang | 2.1.0 | 6.31 | 52.95 | 59.26 | NOTE | |
r-devel-linux-x86_64-debian-gcc | 2.1.0 | 4.53 | 40.38 | 44.91 | NOTE | |
r-devel-linux-x86_64-fedora-clang | 2.1.0 | 66.44 | NOTE | |||
r-devel-linux-x86_64-fedora-gcc | 2.1.0 | 83.32 | NOTE | |||
r-devel-windows-ix86+x86_64 | 2.1.0 | 21.00 | 120.00 | 141.00 | OK | |
r-patched-linux-x86_64 | 2.1.0 | 4.45 | 50.33 | 54.78 | OK | |
r-patched-solaris-x86 | 2.1.0 | 99.40 | OK | |||
r-release-linux-x86_64 | 2.1.0 | 5.96 | 50.83 | 56.79 | OK | |
r-release-windows-ix86+x86_64 | 2.1.0 | 20.00 | 79.00 | 99.00 | OK | |
r-release-osx-x86_64 | 2.1.0 | OK | ||||
r-oldrel-windows-ix86+x86_64 | 2.1.0 | 9.00 | 124.00 | 133.00 | OK | |
r-oldrel-osx-x86_64 | 2.1.0 | OK |
Version: 2.1.0
Check: for non-standard things in the check directory
Result: NOTE
Found the following files/directories:
'BGData_chr1'
Flavors: r-devel-linux-x86_64-debian-clang, r-devel-linux-x86_64-debian-gcc, r-devel-linux-x86_64-fedora-clang, r-devel-linux-x86_64-fedora-gcc