CRAN Package Check Results for Package BatchMap

Last updated on 2019-10-31 00:50:50 CET.

Flavor Version Tinstall Tcheck Ttotal Status Flags
r-devel-linux-x86_64-debian-clang 1.0.2.0 97.89 162.07 259.96 NOTE
r-devel-linux-x86_64-debian-gcc 1.0.2.0 76.81 122.05 198.86 NOTE
r-devel-linux-x86_64-fedora-clang 1.0.2.0 344.29 NOTE
r-devel-linux-x86_64-fedora-gcc 1.0.2.0 390.69 NOTE
r-devel-windows-ix86+x86_64 1.0.2.0 258.00 279.00 537.00 OK
r-patched-linux-x86_64 1.0.2.0 84.70 152.25 236.95 OK
r-patched-solaris-x86 1.0.2.0 423.30 OK
r-release-linux-x86_64 1.0.2.0 81.71 152.39 234.10 OK
r-release-windows-ix86+x86_64 1.0.2.0 261.00 271.00 532.00 OK
r-release-osx-x86_64 1.0.2.0 OK
r-oldrel-windows-ix86+x86_64 1.0.2.0 171.00 277.00 448.00 WARN
r-oldrel-osx-x86_64 1.0.2.0 OK

Additional issues

clang-UBSAN LTO

Check Details

Version: 1.0.2.0
Check: for non-standard things in the check directory
Result: NOTE
    Found the following files/directories:
     'MyRawData_out.jpg' 'SegregationTests.jpg' 'SegregationTypes.jpg'
Flavors: r-devel-linux-x86_64-debian-clang, r-devel-linux-x86_64-debian-gcc, r-devel-linux-x86_64-fedora-clang, r-devel-linux-x86_64-fedora-gcc

Version: 1.0.2.0
Check: whether package can be installed
Result: WARN
    Found the following significant warnings:
     Warning: S3 methods '[.fun_list', '[.grouped_df', 'all.equal.tbl_df', 'anti_join.data.frame', 'anti_join.tbl_df', 'arrange.data.frame', 'arrange.default', 'arrange.grouped_df', 'arrange.tbl_df', 'arrange_.data.frame', 'arrange_.tbl_df', 'as.data.frame.grouped_df', 'as.data.frame.rowwise_df', 'as.data.frame.tbl_cube', 'as.table.tbl_cube', 'as.tbl.data.frame', 'as.tbl.tbl', 'as.tbl_cube.array', 'as.tbl_cube.data.frame', 'as.tbl_cube.matrix', 'as.tbl_cube.table', 'as_tibble.grouped_df', 'as_tibble.tbl_cube', 'auto_copy.tbl_cube', 'auto_copy.tbl_df', 'cbind.grouped_df', 'collapse.data.frame', 'collect.data.frame', 'common_by.NULL', 'common_by.character', 'common_by.default', 'common_by.list', 'compute.data.frame', 'copy_to.DBIConnection', 'copy_to.src_local', 'default_missing.data.frame', 'default_missing.default', 'dim.tbl_cube', 'distinct.data.frame', 'distinct.default', 'distinct.grouped_df', 'distinct.tbl_df', 'distinct_.data.frame', 'distinct_.grouped_df', 'distinct_.tbl_df', 'do.NULL', 'do.da [... truncated]
Flavor: r-oldrel-windows-ix86+x86_64