CRAN Package Check Results for Package BayesTree

Last updated on 2019-10-31 00:50:50 CET.

Flavor Version Tinstall Tcheck Ttotal Status Flags
r-devel-linux-x86_64-debian-clang 0.3-1.4 17.25 23.76 41.01 OK
r-devel-linux-x86_64-debian-gcc 0.3-1.4 9.70 20.02 29.72 OK
r-devel-linux-x86_64-fedora-clang 0.3-1.4 60.88 NOTE
r-devel-linux-x86_64-fedora-gcc 0.3-1.4 57.23 NOTE
r-devel-windows-ix86+x86_64 0.3-1.4 50.00 70.00 120.00 OK
r-patched-linux-x86_64 0.3-1.4 10.58 24.01 34.59 OK
r-patched-solaris-x86 0.3-1.4 81.70 OK
r-release-linux-x86_64 0.3-1.4 10.07 23.98 34.05 OK
r-release-windows-ix86+x86_64 0.3-1.4 51.00 49.00 100.00 OK
r-release-osx-x86_64 0.3-1.4 OK
r-oldrel-windows-ix86+x86_64 0.3-1.4 29.00 61.00 90.00 OK
r-oldrel-osx-x86_64 0.3-1.4 OK

Check Details

Version: 0.3-1.4
Check: compiled code
Result: NOTE
    File ‘BayesTree/libs/BayesTree.so’:
     Found no calls to: ‘R_registerRoutines’, ‘R_useDynamicSymbols’
    
    It is good practice to register native routines and to disable symbol
    search.
    
    See ‘Writing portable packages’ in the ‘Writing R Extensions’ manual.
Flavors: r-devel-linux-x86_64-fedora-clang, r-devel-linux-x86_64-fedora-gcc