CRAN Package Check Results for Package BcDiag

Last updated on 2019-10-31 00:50:50 CET.

Flavor Version Tinstall Tcheck Ttotal Status Flags
r-devel-linux-x86_64-debian-clang 1.0.10 4.85 54.19 59.04 NOTE
r-devel-linux-x86_64-debian-gcc 1.0.10 4.19 43.48 47.67 NOTE
r-devel-linux-x86_64-fedora-clang 1.0.10 70.97 NOTE
r-devel-linux-x86_64-fedora-gcc 1.0.10 87.77 NOTE
r-devel-windows-ix86+x86_64 1.0.10 15.00 100.00 115.00 OK
r-patched-linux-x86_64 1.0.10 4.35 53.21 57.56 OK
r-patched-solaris-x86 1.0.10 122.80 OK
r-release-linux-x86_64 1.0.10 4.62 54.26 58.88 OK
r-release-windows-ix86+x86_64 1.0.10 13.00 66.00 79.00 OK
r-release-osx-x86_64 1.0.10 OK
r-oldrel-windows-ix86+x86_64 1.0.10 7.00 89.00 96.00 OK
r-oldrel-osx-x86_64 1.0.10 OK

Check Details

Version: 1.0.10
Check: for non-standard things in the check directory
Result: NOTE
    Found the following files/directories:
     'fabiabreast.txt'
Flavors: r-devel-linux-x86_64-debian-clang, r-devel-linux-x86_64-debian-gcc, r-devel-linux-x86_64-fedora-clang, r-devel-linux-x86_64-fedora-gcc