Last updated on 2019-10-31 00:50:51 CET.
Flavor | Version | Tinstall | Tcheck | Ttotal | Status | Flags |
---|---|---|---|---|---|---|
r-devel-linux-x86_64-debian-clang | 0.2.2 | 7.49 | 363.96 | 371.45 | NOTE | |
r-devel-linux-x86_64-debian-gcc | 0.2.2 | 6.78 | 222.96 | 229.74 | NOTE | |
r-devel-linux-x86_64-fedora-clang | 0.2.2 | 428.80 | OK | |||
r-devel-linux-x86_64-fedora-gcc | 0.2.2 | 402.27 | OK | |||
r-devel-windows-ix86+x86_64 | 0.2.2 | 23.00 | 552.00 | 575.00 | NOTE | |
r-patched-linux-x86_64 | 0.2.2 | 8.21 | 310.51 | 318.72 | OK | |
r-patched-solaris-x86 | 0.2.2 | 743.40 | OK | |||
r-release-linux-x86_64 | 0.2.2 | 6.97 | 316.53 | 323.50 | OK | |
r-release-windows-ix86+x86_64 | 0.2.2 | 19.00 | 525.00 | 544.00 | OK | |
r-release-osx-x86_64 | 0.2.2 | OK | ||||
r-oldrel-windows-ix86+x86_64 | 0.2.2 | 8.00 | 681.00 | 689.00 | OK | |
r-oldrel-osx-x86_64 | 0.2.2 | OK |
Version: 0.2.2
Check: package vignettes
Result: NOTE
Package vignette with placeholder title 'Vignette Title':
'Vignette.Rmd'
Flavors: r-devel-linux-x86_64-debian-clang, r-devel-linux-x86_64-debian-gcc, r-devel-windows-ix86+x86_64