Last updated on 2019-10-31 00:50:51 CET.
Flavor | Version | Tinstall | Tcheck | Ttotal | Status | Flags |
---|---|---|---|---|---|---|
r-devel-linux-x86_64-debian-clang | 1.4 | 19.53 | 61.40 | 80.93 | OK | |
r-devel-linux-x86_64-debian-gcc | 1.4 | 13.52 | 46.40 | 59.92 | OK | |
r-devel-linux-x86_64-fedora-clang | 1.4 | 94.24 | NOTE | |||
r-devel-linux-x86_64-fedora-gcc | 1.4 | 107.42 | NOTE | |||
r-devel-windows-ix86+x86_64 | 1.4 | 40.00 | 101.00 | 141.00 | OK | |
r-patched-linux-x86_64 | 1.4 | 16.77 | 59.94 | 76.71 | OK | |
r-patched-solaris-x86 | 1.4 | 123.80 | OK | |||
r-release-linux-x86_64 | 1.4 | 15.90 | 60.33 | 76.23 | OK | |
r-release-windows-ix86+x86_64 | 1.4 | 36.00 | 77.00 | 113.00 | OK | |
r-release-osx-x86_64 | 1.4 | OK | ||||
r-oldrel-windows-ix86+x86_64 | 1.4 | 26.00 | 105.00 | 131.00 | OK | |
r-oldrel-osx-x86_64 | 1.4 | OK |
Version: 1.4
Check: compiled code
Result: NOTE
File ‘CDVine/libs/CDVine.so’:
Found no calls to: ‘R_registerRoutines’, ‘R_useDynamicSymbols’
It is good practice to register native routines and to disable symbol
search.
See ‘Writing portable packages’ in the ‘Writing R Extensions’ manual.
Flavors: r-devel-linux-x86_64-fedora-clang, r-devel-linux-x86_64-fedora-gcc