CRAN Package Check Results for Package CHNOSZ

Last updated on 2019-10-31 00:50:51 CET.

Flavor Version Tinstall Tcheck Ttotal Status Flags
r-devel-linux-x86_64-debian-clang 1.3.3 25.59 322.77 348.36 OK
r-devel-linux-x86_64-debian-gcc 1.3.3 18.64 246.15 264.79 OK
r-devel-linux-x86_64-fedora-clang 1.3.3 409.07 OK
r-devel-linux-x86_64-fedora-gcc 1.3.3 448.14 OK
r-devel-windows-ix86+x86_64 1.3.3 52.00 637.00 689.00 OK
r-patched-linux-x86_64 1.3.3 23.96 319.78 343.74 OK
r-patched-solaris-x86 1.3.3 530.30 NOTE
r-release-linux-x86_64 1.3.3 24.43 322.80 347.23 OK
r-release-windows-ix86+x86_64 1.3.3 45.00 591.00 636.00 OK
r-release-osx-x86_64 1.3.3 OK
r-oldrel-windows-ix86+x86_64 1.3.3 28.00 632.00 660.00 OK
r-oldrel-osx-x86_64 1.3.3 OK

Check Details

Version: 1.3.3
Check: installed package size
Result: NOTE
     installed size is 5.0Mb
     sub-directories of 1Mb or more:
     doc 2.5Mb
Flavor: r-patched-solaris-x86