Last updated on 2019-10-31 00:50:51 CET.
Flavor | Version | Tinstall | Tcheck | Ttotal | Status | Flags |
---|---|---|---|---|---|---|
r-devel-linux-x86_64-debian-clang | 1.1.53 | 13.54 | 122.67 | 136.21 | OK | |
r-devel-linux-x86_64-debian-gcc | 1.1.53 | 10.51 | 92.20 | 102.71 | OK | |
r-devel-linux-x86_64-fedora-clang | 1.1.53 | 156.30 | NOTE | |||
r-devel-linux-x86_64-fedora-gcc | 1.1.53 | 166.52 | NOTE | |||
r-devel-windows-ix86+x86_64 | 1.1.53 | 50.00 | 195.00 | 245.00 | OK | |
r-patched-linux-x86_64 | 1.1.53 | 11.12 | 118.90 | 130.02 | OK | |
r-patched-solaris-x86 | 1.1.53 | 220.10 | NOTE | |||
r-release-linux-x86_64 | 1.1.53 | 13.21 | 117.23 | 130.44 | OK | |
r-release-windows-ix86+x86_64 | 1.1.53 | 44.00 | 162.00 | 206.00 | OK | |
r-release-osx-x86_64 | 1.1.53 | NOTE | ||||
r-oldrel-windows-ix86+x86_64 | 1.1.53 | 21.00 | 177.00 | 198.00 | OK | |
r-oldrel-osx-x86_64 | 1.1.53 | NOTE |
Version: 1.1.53
Check: dependencies in R code
Result: NOTE
Namespace in Imports field not imported from: ‘circlize’
All declared Imports should be used.
Flavors: r-devel-linux-x86_64-fedora-clang, r-devel-linux-x86_64-fedora-gcc, r-patched-solaris-x86, r-release-osx-x86_64, r-oldrel-osx-x86_64