CRAN Package Check Results for Package CNVScope

Last updated on 2019-10-31 00:50:51 CET.

Flavor Version Tinstall Tcheck Ttotal Status Flags
r-devel-linux-x86_64-debian-clang 2.8.2 39.01 579.40 618.41 OK
r-devel-linux-x86_64-debian-gcc 2.8.2 35.26 447.52 482.78 OK
r-devel-linux-x86_64-fedora-clang 2.8.2 804.60 OK
r-devel-linux-x86_64-fedora-gcc 2.8.2 819.05 OK
r-devel-windows-ix86+x86_64 2.8.2 170.00 741.00 911.00 OK
r-patched-linux-x86_64 2.8.2 36.12 531.48 567.60 OK
r-patched-solaris-x86 2.8.2 1104.80 NOTE
r-release-linux-x86_64 2.8.2 36.11 531.17 567.28 OK
r-release-windows-ix86+x86_64 2.8.2 134.00 710.00 844.00 OK
r-release-osx-x86_64 2.7.7 ERROR
r-oldrel-windows-ix86+x86_64 2.8.2 65.00 443.00 508.00 OK
r-oldrel-osx-x86_64 2.7.7 ERROR

Check Details

Version: 2.8.2
Check: installed package size
Result: NOTE
     installed size is 5.2Mb
     sub-directories of 1Mb or more:
     doc 3.1Mb
     extdata 1.8Mb
Flavor: r-patched-solaris-x86

Version: 2.7.7
Check: package dependencies
Result: ERROR
    Packages required but not available:
     'InteractionSet', 'GenomicInteractions',
     'BSgenome.Hsapiens.UCSC.hg19'
    
    See section ‘The DESCRIPTION file’ in the ‘Writing R Extensions’
    manual.
Flavor: r-release-osx-x86_64

Version: 2.7.7
Check: package dependencies
Result: ERROR
    Packages required but not available:
     ‘InteractionSet’ ‘GenomicFeatures’ ‘GenomicInteractions’
     ‘rtracklayer’ ‘BSgenome.Hsapiens.UCSC.hg19’
    
    See section ‘The DESCRIPTION file’ in the ‘Writing R Extensions’
    manual.
Flavor: r-oldrel-osx-x86_64