Last updated on 2019-10-31 00:50:52 CET.
Flavor | Version | Tinstall | Tcheck | Ttotal | Status | Flags |
---|---|---|---|---|---|---|
r-devel-linux-x86_64-debian-clang | 1.0.0 | 6.36 | 40.06 | 46.42 | OK | |
r-devel-linux-x86_64-debian-gcc | 1.0.0 | 5.30 | 30.79 | 36.09 | OK | |
r-devel-linux-x86_64-fedora-clang | 1.0.0 | 54.74 | NOTE | |||
r-devel-linux-x86_64-fedora-gcc | 1.0.0 | 62.77 | NOTE | |||
r-devel-windows-ix86+x86_64 | 1.0.0 | 19.00 | 93.00 | 112.00 | OK | |
r-patched-linux-x86_64 | 1.0.0 | 6.37 | 39.03 | 45.40 | OK | |
r-patched-solaris-x86 | 1.0.0 | 84.70 | NOTE | |||
r-release-linux-x86_64 | 1.0.0 | 5.73 | 37.63 | 43.36 | OK | |
r-release-windows-ix86+x86_64 | 1.0.0 | 19.00 | 71.00 | 90.00 | OK | |
r-release-osx-x86_64 | 1.0.0 | NOTE | ||||
r-oldrel-windows-ix86+x86_64 | 1.0.0 | 7.00 | 79.00 | 86.00 | OK | |
r-oldrel-osx-x86_64 | 1.0.0 | NOTE |
Version: 1.0.0
Check: data for non-ASCII characters
Result: NOTE
Note: found 11 marked Latin-1 strings
Note: found 57 marked UTF-8 strings
Flavors: r-devel-linux-x86_64-fedora-clang, r-devel-linux-x86_64-fedora-gcc, r-patched-solaris-x86, r-release-osx-x86_64, r-oldrel-osx-x86_64