CRAN Package Check Results for Package CompareCausalNetworks

Last updated on 2019-10-31 00:50:51 CET.

Flavor Version Tinstall Tcheck Ttotal Status Flags
r-devel-linux-x86_64-debian-clang 0.2.4 10.13 98.92 109.05 OK
r-devel-linux-x86_64-debian-gcc 0.2.4 7.93 76.76 84.69 OK
r-devel-linux-x86_64-fedora-clang 0.2.4 137.85 OK
r-devel-linux-x86_64-fedora-gcc 0.2.4 131.84 OK
r-devel-windows-ix86+x86_64 0.2.4 23.00 138.00 161.00 OK
r-patched-linux-x86_64 0.2.4 8.98 94.66 103.64 OK
r-patched-solaris-x86 0.2.4 177.70 OK
r-release-linux-x86_64 0.2.4 8.17 93.54 101.71 OK
r-release-windows-ix86+x86_64 0.2.4 20.00 137.00 157.00 OK
r-release-osx-x86_64 0.2.4 NOTE
r-oldrel-windows-ix86+x86_64 0.2.4 9.00 133.00 142.00 OK
r-oldrel-osx-x86_64 0.2.4 OK

Check Details

Version: 0.2.4
Check: package dependencies
Result: NOTE
    Package suggested but not available for checking: ‘pcalg’
Flavor: r-release-osx-x86_64