Last updated on 2019-10-31 00:50:52 CET.
Flavor | Version | Tinstall | Tcheck | Ttotal | Status | Flags |
---|---|---|---|---|---|---|
r-devel-linux-x86_64-debian-clang | 2.0.2 | 206.19 | 84.10 | 290.29 | OK | |
r-devel-linux-x86_64-debian-gcc | 2.0.2 | 157.51 | 65.25 | 222.76 | OK | |
r-devel-linux-x86_64-fedora-clang | 2.0.2 | 406.72 | NOTE | |||
r-devel-linux-x86_64-fedora-gcc | 2.0.2 | 438.74 | OK | |||
r-devel-windows-ix86+x86_64 | 2.0.2 | 488.00 | 204.00 | 692.00 | OK | |
r-patched-linux-x86_64 | 2.0.2 | 165.42 | 80.42 | 245.84 | OK | |
r-patched-solaris-x86 | 2.0.2 | 356.00 | NOTE | |||
r-release-linux-x86_64 | 2.0.2 | 173.66 | 81.11 | 254.77 | OK | |
r-release-windows-ix86+x86_64 | 2.0.2 | 478.00 | 188.00 | 666.00 | OK | |
r-release-osx-x86_64 | 2.0.2 | NOTE | ||||
r-oldrel-windows-ix86+x86_64 | 2.0.2 | 338.00 | 200.00 | 538.00 | OK | |
r-oldrel-osx-x86_64 | 2.0.2 | NOTE |
Version: 2.0.2
Check: installed package size
Result: NOTE
installed size is 24.5Mb
sub-directories of 1Mb or more:
libs 23.7Mb
Flavors: r-devel-linux-x86_64-fedora-clang, r-patched-solaris-x86, r-release-osx-x86_64, r-oldrel-osx-x86_64