Last updated on 2019-10-31 00:50:53 CET.
Flavor | Version | Tinstall | Tcheck | Ttotal | Status | Flags |
---|---|---|---|---|---|---|
r-devel-linux-x86_64-debian-clang | 0.2.4 | 9.64 | 231.45 | 241.09 | OK | |
r-devel-linux-x86_64-debian-gcc | 0.2.4 | 8.36 | 172.33 | 180.69 | OK | |
r-devel-linux-x86_64-fedora-clang | 0.2.4 | 283.74 | NOTE | |||
r-devel-linux-x86_64-fedora-gcc | 0.2.4 | 318.91 | NOTE | |||
r-devel-windows-ix86+x86_64 | 0.2.4 | 29.00 | 297.00 | 326.00 | OK | |
r-patched-linux-x86_64 | 0.2.4 | 9.17 | 222.37 | 231.54 | OK | |
r-patched-solaris-x86 | 0.2.4 | 410.70 | NOTE | |||
r-release-linux-x86_64 | 0.2.4 | 9.80 | 221.20 | 231.00 | OK | |
r-release-windows-ix86+x86_64 | 0.2.4 | 26.00 | 292.00 | 318.00 | OK | |
r-release-osx-x86_64 | 0.2.4 | NOTE | ||||
r-oldrel-windows-ix86+x86_64 | 0.2.4 | 12.00 | 307.00 | 319.00 | OK | |
r-oldrel-osx-x86_64 | 0.2.4 | NOTE |
Version: 0.2.4
Check: dependencies in R code
Result: NOTE
Namespace in Imports field not imported from: ‘mgcv’
All declared Imports should be used.
Flavors: r-devel-linux-x86_64-fedora-clang, r-devel-linux-x86_64-fedora-gcc, r-patched-solaris-x86, r-release-osx-x86_64, r-oldrel-osx-x86_64