Last updated on 2019-10-31 00:50:53 CET.
Flavor | Version | Tinstall | Tcheck | Ttotal | Status | Flags |
---|---|---|---|---|---|---|
r-devel-linux-x86_64-debian-clang | 0.8.2 | 10.00 | 99.95 | 109.95 | OK | |
r-devel-linux-x86_64-debian-gcc | 0.8.2 | 7.28 | 73.51 | 80.79 | OK | |
r-devel-linux-x86_64-fedora-clang | 0.8.2 | 125.83 | NOTE | |||
r-devel-linux-x86_64-fedora-gcc | 0.8.2 | 140.39 | OK | |||
r-devel-windows-ix86+x86_64 | 0.8.2 | 33.00 | 171.00 | 204.00 | NOTE | |
r-patched-linux-x86_64 | 0.8.2 | 8.89 | 96.24 | 105.13 | OK | |
r-patched-solaris-x86 | 0.8.2 | 167.70 | NOTE | |||
r-release-linux-x86_64 | 0.8.2 | 7.76 | 93.26 | 101.02 | OK | |
r-release-windows-ix86+x86_64 | 0.8.2 | 26.00 | 153.00 | 179.00 | NOTE | |
r-release-osx-x86_64 | 0.8.2 | NOTE | ||||
r-oldrel-windows-ix86+x86_64 | 0.8.2 | 19.00 | 172.00 | 191.00 | NOTE | |
r-oldrel-osx-x86_64 | 0.8.2 | NOTE |
Version: 0.8.2
Check: installed package size
Result: NOTE
installed size is 5.4Mb
sub-directories of 1Mb or more:
appinformation 3.6Mb
Flavors: r-devel-linux-x86_64-fedora-clang, r-devel-windows-ix86+x86_64, r-patched-solaris-x86, r-release-windows-ix86+x86_64, r-release-osx-x86_64, r-oldrel-windows-ix86+x86_64, r-oldrel-osx-x86_64