CRAN Package Check Results for Package DTAT

Last updated on 2019-10-31 00:50:53 CET.

Flavor Version Tinstall Tcheck Ttotal Status Flags
r-devel-linux-x86_64-debian-clang 0.3-3 12.21 102.54 114.75 OK
r-devel-linux-x86_64-debian-gcc 0.3-3 9.44 78.66 88.10 OK
r-devel-linux-x86_64-fedora-clang 0.3-3 140.00 OK
r-devel-linux-x86_64-fedora-gcc 0.3-3 155.21 OK
r-devel-windows-ix86+x86_64 0.3-3 45.00 180.00 225.00 OK
r-patched-linux-x86_64 0.3-3 11.49 98.30 109.79 OK
r-patched-solaris-x86 0.3-3 201.20 WARN
r-release-linux-x86_64 0.3-3 11.40 95.44 106.84 OK
r-release-windows-ix86+x86_64 0.3-3 45.00 164.00 209.00 OK
r-release-osx-x86_64 0.3-3 WARN
r-oldrel-windows-ix86+x86_64 0.3-3 26.00 172.00 198.00 OK
r-oldrel-osx-x86_64 0.3-3 WARN

Check Details

Version: 0.3-3
Check: re-building of vignette outputs
Result: WARN
    Error(s) in re-building vignettes:
     ...
    --- re-building ‘Designing-33PC.Rmd’ using rmarkdown
    Warning in engine$weave(file, quiet = quiet, encoding = enc) :
     Pandoc (>= 1.12.3) and/or pandoc-citeproc not available. Falling back to R Markdown v1.
    Quitting from lines 163-164 (Designing-33PC.Rmd)
    Error: processing vignette 'Designing-33PC.Rmd' failed with diagnostics:
    there is no package called 'webshot'
    --- failed re-building ‘Designing-33PC.Rmd’
    
    SUMMARY: processing the following file failed:
     ‘Designing-33PC.Rmd’
    
    Error: Vignette re-building failed.
    Execution halted
Flavor: r-patched-solaris-x86

Version: 0.3-3
Check: re-building of vignette outputs
Result: WARN
    Error(s) in re-building vignettes:
     ...
    --- re-building ‘Designing-33PC.Rmd’ using rmarkdown
    Warning in engine$weave(file, quiet = quiet, encoding = enc) :
     Pandoc (>= 1.12.3) and/or pandoc-citeproc not available. Falling back to R Markdown v1.
    Quitting from lines 163-164 (Designing-33PC.Rmd)
    Error: processing vignette 'Designing-33PC.Rmd' failed with diagnostics:
    cannot open the connection
    --- failed re-building ‘Designing-33PC.Rmd’
    
    SUMMARY: processing the following file failed:
     ‘Designing-33PC.Rmd’
    
    Error: Vignette re-building failed.
    Execution halted
Flavor: r-release-osx-x86_64

Version: 0.3-3
Check: re-building of vignette outputs
Result: WARN
    Error in re-building vignettes:
     ...
    Warning in engine$weave(file, quiet = quiet, encoding = enc) :
     Pandoc (>= 1.12.3) and/or pandoc-citeproc not available. Falling back to R Markdown v1.
    Quitting from lines 163-164 (Designing-33PC.Rmd)
    Error: processing vignette 'Designing-33PC.Rmd' failed with diagnostics:
    cannot open the connection
    Execution halted
Flavor: r-oldrel-osx-x86_64