Last updated on 2019-10-31 00:50:52 CET.
Flavor | Version | Tinstall | Tcheck | Ttotal | Status | Flags |
---|---|---|---|---|---|---|
r-devel-linux-x86_64-debian-clang | 0.1.1 | 8.04 | 69.09 | 77.13 | OK | |
r-devel-linux-x86_64-debian-gcc | 0.1.1 | 6.21 | 52.38 | 58.59 | OK | |
r-devel-linux-x86_64-fedora-clang | 0.1.1 | 95.45 | OK | |||
r-devel-linux-x86_64-fedora-gcc | 0.1.1 | 112.75 | OK | |||
r-devel-windows-ix86+x86_64 | 0.1.1 | 12.00 | 7.00 | 19.00 | ERROR | |
r-patched-linux-x86_64 | 0.1.1 | 6.84 | 68.41 | 75.25 | OK | |
r-release-linux-x86_64 | 0.1.1 | 7.72 | 66.76 | 74.48 | OK | |
r-release-windows-ix86+x86_64 | 0.1.1 | 19.00 | 65.00 | 84.00 | OK | |
r-release-osx-x86_64 | 0.1.1 | OK | ||||
r-oldrel-windows-ix86+x86_64 | 0.1.1 | 8.00 | 93.00 | 101.00 | OK | |
r-oldrel-osx-x86_64 | 0.1.1 | OK |
Version: 0.1.1
Check: whether package can be installed
Result: ERROR
Installation failed.
Flavor: r-devel-windows-ix86+x86_64