Last updated on 2019-10-31 00:50:52 CET.
Flavor | Version | Tinstall | Tcheck | Ttotal | Status | Flags |
---|---|---|---|---|---|---|
r-devel-linux-x86_64-debian-clang | 1.4 | 9.12 | 62.23 | 71.35 | OK | |
r-devel-linux-x86_64-debian-gcc | 1.5 | 6.74 | 50.32 | 57.06 | OK | |
r-devel-linux-x86_64-fedora-clang | 1.5 | 91.12 | OK | |||
r-devel-linux-x86_64-fedora-gcc | 1.5 | 92.33 | OK | |||
r-devel-windows-ix86+x86_64 | 1.4 | 22.00 | 106.00 | 128.00 | OK | |
r-patched-linux-x86_64 | 1.4 | 8.08 | 63.28 | 71.36 | OK | |
r-patched-solaris-x86 | 1.5 | 128.10 | OK | |||
r-release-linux-x86_64 | 1.4 | 8.88 | 60.89 | 69.77 | OK | |
r-release-windows-ix86+x86_64 | 1.5 | 15.00 | 71.00 | 86.00 | OK | |
r-release-osx-x86_64 | 1.4 | WARN | ||||
r-oldrel-windows-ix86+x86_64 | 1.4 | 9.00 | 102.00 | 111.00 | OK | |
r-oldrel-osx-x86_64 | 1.4 | WARN |
Version: 1.4
Check: dependencies in R code
Result: NOTE
No protocol specified
No protocol specified
Flavors: r-release-osx-x86_64, r-oldrel-osx-x86_64
Version: 1.4
Check: S3 generic/method consistency
Result: WARN
No protocol specified
No protocol specified
See section ‘Generic functions and methods’ in the ‘Writing R
Extensions’ manual.
Flavors: r-release-osx-x86_64, r-oldrel-osx-x86_64
Version: 1.4
Check: replacement functions
Result: WARN
No protocol specified
No protocol specified
The argument of a replacement function which corresponds to the right
hand side must be named ‘value’.
Flavors: r-release-osx-x86_64, r-oldrel-osx-x86_64
Version: 1.4
Check: foreign function calls
Result: NOTE
No protocol specified
No protocol specified
See chapter ‘System and foreign language interfaces’ in the ‘Writing R
Extensions’ manual.
Flavors: r-release-osx-x86_64, r-oldrel-osx-x86_64
Version: 1.4
Check: R code for possible problems
Result: NOTE
No protocol specified
No protocol specified
Flavors: r-release-osx-x86_64, r-oldrel-osx-x86_64
Version: 1.4
Check: for missing documentation entries
Result: WARN
No protocol specified
No protocol specified
All user-level objects in a package should have documentation entries.
See chapter ‘Writing R documentation files’ in the ‘Writing R
Extensions’ manual.
Flavors: r-release-osx-x86_64, r-oldrel-osx-x86_64
Version: 1.4
Check: for code/documentation mismatches
Result: WARN
No protocol specified
No protocol specified
No protocol specified
No protocol specified
No protocol specified
No protocol specified
Flavors: r-release-osx-x86_64, r-oldrel-osx-x86_64
Version: 1.4
Check: Rd \usage sections
Result: NOTE
No protocol specified
No protocol specified
The \usage entries for S3 methods should use the \method markup and not
their full name.
See chapter ‘Writing R documentation files’ in the ‘Writing R
Extensions’ manual.
Flavors: r-release-osx-x86_64, r-oldrel-osx-x86_64