Last updated on 2019-10-31 00:50:53 CET.
Flavor | Version | Tinstall | Tcheck | Ttotal | Status | Flags |
---|---|---|---|---|---|---|
r-devel-linux-x86_64-debian-clang | 1.1-3 | 15.48 | 101.43 | 116.91 | NOTE | |
r-devel-linux-x86_64-debian-gcc | 1.1-3 | 12.91 | 75.29 | 88.20 | NOTE | |
r-devel-linux-x86_64-fedora-clang | 1.1-3 | 138.31 | NOTE | |||
r-devel-linux-x86_64-fedora-gcc | 1.1-3 | 140.20 | NOTE | |||
r-devel-windows-ix86+x86_64 | 1.1-3 | 29.00 | 162.00 | 191.00 | OK | |
r-patched-linux-x86_64 | 1.1-3 | 13.82 | 97.85 | 111.67 | OK | |
r-patched-solaris-x86 | 1.1-3 | 171.00 | OK | |||
r-release-linux-x86_64 | 1.1-3 | 12.77 | 97.40 | 110.17 | OK | |
r-release-windows-ix86+x86_64 | 1.1-3 | 28.00 | 141.00 | 169.00 | OK | |
r-release-osx-x86_64 | 1.1-3 | OK | ||||
r-oldrel-windows-ix86+x86_64 | 1.1-3 | 14.00 | 151.00 | 165.00 | OK | |
r-oldrel-osx-x86_64 | 1.1-3 | OK |
Version: 1.1-3
Check: for non-standard things in the check directory
Result: NOTE
Found the following files/directories:
'test.html' 'test.rda'
Flavors: r-devel-linux-x86_64-debian-clang, r-devel-linux-x86_64-debian-gcc, r-devel-linux-x86_64-fedora-clang, r-devel-linux-x86_64-fedora-gcc