Last updated on 2019-10-31 00:50:53 CET.
Flavor | Version | Tinstall | Tcheck | Ttotal | Status | Flags |
---|---|---|---|---|---|---|
r-devel-linux-x86_64-debian-clang | 0.1.0 | 3.85 | 63.12 | 66.97 | OK | |
r-devel-linux-x86_64-debian-gcc | 0.1.0 | 3.27 | 50.70 | 53.97 | OK | |
r-devel-linux-x86_64-fedora-clang | 0.1.0 | 80.79 | OK | |||
r-devel-linux-x86_64-fedora-gcc | 0.1.0 | 87.43 | OK | |||
r-devel-windows-ix86+x86_64 | 0.1.0 | 25.00 | 121.00 | 146.00 | OK | |
r-patched-linux-x86_64 | 0.1.0 | 3.47 | 60.65 | 64.12 | OK | |
r-patched-solaris-x86 | 0.1.0 | 118.10 | OK | |||
r-release-linux-x86_64 | 0.1.0 | 3.61 | 60.99 | 64.60 | OK | |
r-release-windows-ix86+x86_64 | 0.1.0 | 23.00 | 71.00 | 94.00 | OK | |
r-release-osx-x86_64 | 0.1.0 | OK | ||||
r-oldrel-osx-x86_64 | 0.1.0 | ERROR |
Version: 0.1.0
Check: whether package can be installed
Result: ERROR
Installation failed.
Flavor: r-oldrel-osx-x86_64