Last updated on 2019-10-31 00:50:54 CET.
Flavor | Version | Tinstall | Tcheck | Ttotal | Status | Flags |
---|---|---|---|---|---|---|
r-devel-linux-x86_64-debian-clang | 2.3.1 | 60.02 | 476.44 | 536.46 | OK | |
r-devel-linux-x86_64-debian-gcc | 2.3.1 | 49.72 | 345.67 | 395.39 | OK | |
r-devel-linux-x86_64-fedora-clang | 2.3.1 | 669.53 | NOTE | |||
r-devel-linux-x86_64-fedora-gcc | 2.3.1 | 648.77 | OK | |||
r-devel-windows-ix86+x86_64 | 2.3.1 | 113.00 | 522.00 | 635.00 | NOTE | |
r-patched-linux-x86_64 | 2.3.1 | 58.65 | 457.24 | 515.89 | OK | |
r-patched-solaris-x86 | 2.3.1 | 604.20 | NOTE | |||
r-release-linux-x86_64 | 2.3.1 | 53.59 | 447.90 | 501.49 | OK | |
r-release-windows-ix86+x86_64 | 2.3.1 | 107.00 | 511.00 | 618.00 | NOTE | |
r-release-osx-x86_64 | 2.3.1 | NOTE | ||||
r-oldrel-windows-ix86+x86_64 | 2.3.1 | 67.00 | 511.00 | 578.00 | NOTE | |
r-oldrel-osx-x86_64 | 2.3.1 | NOTE |
Version: 2.3.1
Check: installed package size
Result: NOTE
installed size is 9.7Mb
sub-directories of 1Mb or more:
R 2.3Mb
doc 3.3Mb
help 3.4Mb
Flavors: r-devel-linux-x86_64-fedora-clang, r-devel-windows-ix86+x86_64, r-patched-solaris-x86, r-release-windows-ix86+x86_64, r-release-osx-x86_64, r-oldrel-windows-ix86+x86_64, r-oldrel-osx-x86_64