Last updated on 2019-10-31 00:50:54 CET.
Flavor | Version | Tinstall | Tcheck | Ttotal | Status | Flags |
---|---|---|---|---|---|---|
r-devel-linux-x86_64-debian-clang | 1.0.3 | 16.51 | 98.28 | 114.79 | NOTE | |
r-devel-linux-x86_64-debian-gcc | 1.0.3 | 14.92 | 73.59 | 88.51 | NOTE | |
r-devel-linux-x86_64-fedora-clang | 1.0.3 | 140.36 | NOTE | |||
r-devel-linux-x86_64-fedora-gcc | 1.0.3 | 130.95 | NOTE | |||
r-devel-windows-ix86+x86_64 | 1.0.3 | 35.00 | 157.00 | 192.00 | OK | |
r-patched-linux-x86_64 | 1.0.3 | 15.64 | 91.85 | 107.49 | OK | |
r-patched-solaris-x86 | 1.0.3 | 168.40 | OK | |||
r-release-linux-x86_64 | 1.0.3 | 15.02 | 92.47 | 107.49 | OK | |
r-release-windows-ix86+x86_64 | 1.0.3 | 36.00 | 96.00 | 132.00 | OK | |
r-release-osx-x86_64 | 1.0.3 | OK | ||||
r-oldrel-windows-ix86+x86_64 | 1.0.3 | 29.00 | 139.00 | 168.00 | OK | |
r-oldrel-osx-x86_64 | 1.0.3 | OK |
Version: 1.0.3
Check: for non-standard things in the check directory
Result: NOTE
Found the following files/directories:
'converted_AMR_raw.txt' 'converted_SMR_raw.txt' 'fishresp.txt'
'results.txt'
Flavors: r-devel-linux-x86_64-debian-clang, r-devel-linux-x86_64-debian-gcc, r-devel-linux-x86_64-fedora-clang, r-devel-linux-x86_64-fedora-gcc