CRAN Package Check Results for Package GAS

Last updated on 2019-10-31 00:50:55 CET.

Flavor Version Tinstall Tcheck Ttotal Status Flags
r-devel-linux-x86_64-debian-clang 0.3.0 411.56 75.49 487.05 OK
r-devel-linux-x86_64-debian-gcc 0.3.0 290.15 56.23 346.38 OK
r-devel-linux-x86_64-fedora-clang 0.3.0 712.37 NOTE
r-devel-linux-x86_64-fedora-gcc 0.3.0 656.68 OK
r-devel-windows-ix86+x86_64 0.3.0 840.00 186.00 1026.00 NOTE
r-patched-linux-x86_64 0.3.0 323.09 73.26 396.35 OK
r-patched-solaris-x86 0.3.0 588.10 OK
r-release-linux-x86_64 0.3.0 316.26 73.81 390.07 OK
r-release-windows-ix86+x86_64 0.3.0 837.00 181.00 1018.00 NOTE
r-release-osx-x86_64 0.3.0 NOTE
r-oldrel-windows-ix86+x86_64 0.3.0 604.00 190.00 794.00 NOTE
r-oldrel-osx-x86_64 0.3.0 NOTE

Additional issues

LTO

Check Details

Version: 0.3.0
Check: installed package size
Result: NOTE
     installed size is 11.7Mb
     sub-directories of 1Mb or more:
     data 1.4Mb
     libs 9.4Mb
Flavors: r-devel-linux-x86_64-fedora-clang, r-devel-windows-ix86+x86_64, r-release-windows-ix86+x86_64, r-release-osx-x86_64, r-oldrel-windows-ix86+x86_64, r-oldrel-osx-x86_64