CRAN Package Check Results for Package GET

Last updated on 2019-10-31 00:50:55 CET.

Flavor Version Tinstall Tcheck Ttotal Status Flags
r-devel-linux-x86_64-debian-clang 0.1-3 14.39 145.48 159.87 OK
r-devel-linux-x86_64-debian-gcc 0.1-3 13.30 109.72 123.02 OK
r-devel-linux-x86_64-fedora-clang 0.1-3 191.16 NOTE
r-devel-linux-x86_64-fedora-gcc 0.1-3 185.83 NOTE
r-devel-windows-ix86+x86_64 0.1-3 40.00 214.00 254.00 OK
r-patched-linux-x86_64 0.1-3 14.05 138.02 152.07 OK
r-patched-solaris-x86 0.1-3 257.80 NOTE
r-release-linux-x86_64 0.1-3 15.13 135.02 150.15 OK
r-release-windows-ix86+x86_64 0.1-3 37.00 194.00 231.00 OK
r-release-osx-x86_64 0.1-3 NOTE
r-oldrel-windows-ix86+x86_64 0.1-3 17.00 213.00 230.00 WARN
r-oldrel-osx-x86_64 0.1-3 NOTE

Check Details

Version: 0.1-3
Check: dependencies in R code
Result: NOTE
    Namespaces in Imports field not imported from:
     ‘caTools’ ‘fda.usc’
     All declared Imports should be used.
Flavors: r-devel-linux-x86_64-fedora-clang, r-devel-linux-x86_64-fedora-gcc, r-patched-solaris-x86, r-release-osx-x86_64, r-oldrel-osx-x86_64

Version: 0.1-3
Check: whether package can be installed
Result: WARN
    Found the following significant warnings:
     Warning: S3 methods '[.fun_list', '[.grouped_df', 'all.equal.tbl_df', 'anti_join.data.frame', 'anti_join.tbl_df', 'arrange.data.frame', 'arrange.default', 'arrange.grouped_df', 'arrange.tbl_df', 'arrange_.data.frame', 'arrange_.tbl_df', 'as.data.frame.grouped_df', 'as.data.frame.rowwise_df', 'as.data.frame.tbl_cube', 'as.table.tbl_cube', 'as.tbl.data.frame', 'as.tbl.tbl', 'as.tbl_cube.array', 'as.tbl_cube.data.frame', 'as.tbl_cube.matrix', 'as.tbl_cube.table', 'as_tibble.grouped_df', 'as_tibble.tbl_cube', 'auto_copy.tbl_cube', 'auto_copy.tbl_df', 'cbind.grouped_df', 'collapse.data.frame', 'collect.data.frame', 'common_by.NULL', 'common_by.character', 'common_by.default', 'common_by.list', 'compute.data.frame', 'copy_to.DBIConnection', 'copy_to.src_local', 'default_missing.data.frame', 'default_missing.default', 'dim.tbl_cube', 'distinct.data.frame', 'distinct.default', 'distinct.grouped_df', 'distinct.tbl_df', 'distinct_.data.frame', 'distinct_.grouped_df', 'distinct_.tbl_df', 'do.NULL', 'do.da [... truncated]
Flavor: r-oldrel-windows-ix86+x86_64