Last updated on 2019-10-31 00:50:57 CET.
Flavor | Version | Tinstall | Tcheck | Ttotal | Status | Flags |
---|---|---|---|---|---|---|
r-devel-linux-x86_64-debian-clang | 0.3.1 | 93.38 | 96.92 | 190.30 | OK | |
r-devel-linux-x86_64-debian-gcc | 0.3.1 | 67.47 | 72.44 | 139.91 | OK | |
r-devel-linux-x86_64-fedora-clang | 0.3.1 | 241.81 | NOTE | |||
r-devel-linux-x86_64-fedora-gcc | 0.3.1 | 239.64 | NOTE | |||
r-devel-windows-ix86+x86_64 | 0.3.1 | 209.00 | 188.00 | 397.00 | OK | |
r-patched-linux-x86_64 | 0.3.1 | 73.31 | 89.63 | 162.94 | OK | |
r-patched-solaris-x86 | 0.3.1 | 270.20 | OK | |||
r-release-linux-x86_64 | 0.3.1 | 76.34 | 89.99 | 166.33 | OK | |
r-release-windows-ix86+x86_64 | 0.3.1 | 204.00 | 186.00 | 390.00 | OK | |
r-release-osx-x86_64 | 0.3.1 | OK | ||||
r-oldrel-windows-ix86+x86_64 | 0.3.1 | 141.00 | 186.00 | 327.00 | OK | |
r-oldrel-osx-x86_64 | 0.3.1 | OK |
Version: 0.3.1
Check: compiled code
Result: NOTE
File ‘HLMdiag/libs/HLMdiag.so’:
Found no calls to: ‘R_registerRoutines’, ‘R_useDynamicSymbols’
It is good practice to register native routines and to disable symbol
search.
See ‘Writing portable packages’ in the ‘Writing R Extensions’ manual.
Flavors: r-devel-linux-x86_64-fedora-clang, r-devel-linux-x86_64-fedora-gcc