Last updated on 2019-10-31 00:50:57 CET.
Flavor | Version | Tinstall | Tcheck | Ttotal | Status | Flags |
---|---|---|---|---|---|---|
r-devel-linux-x86_64-debian-clang | 1.0-9 | 3.87 | 211.31 | 215.18 | OK | |
r-devel-linux-x86_64-debian-gcc | 1.0-9 | 3.00 | 163.64 | 166.64 | OK | |
r-devel-linux-x86_64-fedora-clang | 1.0-9 | 275.29 | NOTE | |||
r-devel-linux-x86_64-fedora-gcc | 1.0-9 | 275.61 | OK | |||
r-devel-windows-ix86+x86_64 | 1.0-9 | 13.00 | 93.00 | 106.00 | OK | --no-vignettes |
r-patched-linux-x86_64 | 1.0-9 | 3.67 | 203.33 | 207.00 | OK | |
r-patched-solaris-x86 | 1.0-9 | 387.80 | NOTE | |||
r-release-linux-x86_64 | 1.0-9 | 3.24 | 202.05 | 205.29 | OK | |
r-release-windows-ix86+x86_64 | 1.0-9 | 16.00 | 100.00 | 116.00 | OK | --no-vignettes |
r-release-osx-x86_64 | 1.0-9 | OK | ||||
r-oldrel-windows-ix86+x86_64 | 1.0-9 | 8.00 | 70.00 | 78.00 | OK | --no-vignettes |
r-oldrel-osx-x86_64 | 1.0-9 | OK |
Version: 1.0-9
Check: installed package size
Result: NOTE
installed size is 5.0Mb
sub-directories of 1Mb or more:
doc 3.7Mb
Flavors: r-devel-linux-x86_64-fedora-clang, r-patched-solaris-x86