Last updated on 2019-10-31 00:50:56 CET.
Flavor | Version | Tinstall | Tcheck | Ttotal | Status | Flags |
---|---|---|---|---|---|---|
r-devel-linux-x86_64-debian-clang | 7.1.0 | 21.07 | 334.51 | 355.58 | NOTE | |
r-devel-linux-x86_64-debian-gcc | 7.1.0 | 18.37 | 242.52 | 260.89 | NOTE | |
r-devel-linux-x86_64-fedora-clang | 7.1.0 | 396.70 | NOTE | |||
r-devel-linux-x86_64-fedora-gcc | 7.1.0 | 397.28 | NOTE | |||
r-devel-windows-ix86+x86_64 | 7.1.0 | 42.00 | 407.00 | 449.00 | OK | |
r-patched-linux-x86_64 | 7.1.0 | 17.79 | 314.21 | 332.00 | OK | |
r-patched-solaris-x86 | 7.1.0 | 517.00 | OK | |||
r-release-linux-x86_64 | 7.1.0 | 18.91 | 312.10 | 331.01 | OK | |
r-release-windows-ix86+x86_64 | 7.1.0 | 40.00 | 410.00 | 450.00 | OK | |
r-release-osx-x86_64 | 7.1.0 | NOTE | ||||
r-oldrel-windows-ix86+x86_64 | 7.1.0 | 23.00 | 399.00 | 422.00 | OK | |
r-oldrel-osx-x86_64 | 7.1.0 | NOTE |
Version: 7.1.0
Check: for non-standard things in the check directory
Result: NOTE
Found the following files/directories:
'exmpl_data_preproc_gen.RData' 'exmpl_data_preproc_gen.ffData'
'exmpl_haplin_data_gen.RData' 'exmpl_haplin_data_gen.ffData'
'exmpl_ped_data_gen.RData' 'exmpl_ped_data_gen.ffData'
'exmpl_ped_data_part_gen.RData' 'exmpl_ped_data_part_gen.ffData'
'gen_data_men_only_gen.RData' 'gen_data_men_only_gen.ffData'
'my_data_part_gen.RData' 'my_data_part_gen.ffData'
'poo_exmpl_data_preproc_gen.RData'
'poo_exmpl_data_preproc_gen.ffData' 'poo_exmpl_data_read_gen.RData'
'poo_exmpl_data_read_gen.ffData' 'trial_data_gen.RData'
'trial_data_gen.ffData'
Flavors: r-devel-linux-x86_64-debian-clang, r-devel-linux-x86_64-debian-gcc, r-devel-linux-x86_64-fedora-clang, r-devel-linux-x86_64-fedora-gcc
Version: 7.1.0
Check: package dependencies
Result: NOTE
Package suggested but not available for checking: ‘Rmpi’
Flavors: r-release-osx-x86_64, r-oldrel-osx-x86_64