CRAN Package Check Results for Package HierO

Last updated on 2019-10-31 00:50:56 CET.

Flavor Version Tinstall Tcheck Ttotal Status Flags
r-devel-linux-x86_64-debian-clang 0.2 26.42 49.63 76.05 NOTE
r-devel-linux-x86_64-debian-gcc 0.2 18.93 39.85 58.78 NOTE
r-devel-linux-x86_64-fedora-clang 0.2 90.83 NOTE
r-devel-linux-x86_64-fedora-gcc 0.2 92.65 NOTE
r-devel-windows-ix86+x86_64 0.2 39.00 65.00 104.00 NOTE
r-patched-linux-x86_64 0.2 23.14 49.53 72.67 NOTE
r-patched-solaris-x86 0.2 119.50 NOTE
r-release-linux-x86_64 0.2 23.27 49.38 72.65 NOTE
r-release-windows-ix86+x86_64 0.2 32.00 73.00 105.00 NOTE
r-release-osx-x86_64 0.2 ERROR
r-oldrel-windows-ix86+x86_64 0.2 23.00 86.00 109.00 NOTE
r-oldrel-osx-x86_64 0.2 ERROR

Check Details

Version: 0.2
Check: package dependencies
Result: NOTE
    Package suggested but not available for checking: 'XMLRPC'
Flavors: r-devel-linux-x86_64-debian-clang, r-devel-linux-x86_64-debian-gcc, r-devel-windows-ix86+x86_64, r-patched-linux-x86_64, r-patched-solaris-x86, r-release-linux-x86_64, r-release-windows-ix86+x86_64, r-release-osx-x86_64, r-oldrel-windows-ix86+x86_64, r-oldrel-osx-x86_64

Version: 0.2
Check: R code for possible problems
Result: NOTE
    calcPower: no visible global function definition for 'pchisq'
    calcPower: no visible global function definition for 'qchisq'
    delta2 : K1: no visible global function definition for 'qnorm'
    delta2: no visible global function definition for 'qnorm'
    delta2: no visible global function definition for 'pnorm'
    delta2: no visible global function definition for 'dnorm'
    Undefined global functions or variables:
     dnorm pchisq pnorm qchisq qnorm
    Consider adding
     importFrom("stats", "dnorm", "pchisq", "pnorm", "qchisq", "qnorm")
    to your NAMESPACE file.
Flavors: r-devel-linux-x86_64-debian-clang, r-devel-linux-x86_64-debian-gcc, r-devel-linux-x86_64-fedora-clang, r-devel-linux-x86_64-fedora-gcc, r-devel-windows-ix86+x86_64, r-patched-linux-x86_64, r-patched-solaris-x86, r-release-linux-x86_64, r-release-windows-ix86+x86_64, r-oldrel-windows-ix86+x86_64

Version: 0.2
Check: whether package can be installed
Result: ERROR
    Installation failed.
Flavors: r-release-osx-x86_64, r-oldrel-osx-x86_64