Last updated on 2019-10-31 00:50:57 CET.
Flavor | Version | Tinstall | Tcheck | Ttotal | Status | Flags |
---|---|---|---|---|---|---|
r-devel-linux-x86_64-debian-clang | 1.0.3 | 60.00 | 87.41 | 147.41 | WARN | |
r-devel-linux-x86_64-debian-gcc | 1.0.3 | 49.58 | 64.91 | 114.49 | OK | |
r-devel-linux-x86_64-fedora-clang | 1.0.3 | 186.49 | NOTE | |||
r-devel-linux-x86_64-fedora-gcc | 1.0.3 | 192.82 | OK | |||
r-devel-windows-ix86+x86_64 | 1.0.3 | 165.00 | 201.00 | 366.00 | OK | |
r-patched-linux-x86_64 | 1.0.3 | 51.42 | 81.16 | 132.58 | OK | |
r-patched-solaris-x86 | 1.0.3 | 201.40 | OK | |||
r-release-linux-x86_64 | 1.0.3 | 56.53 | 81.68 | 138.21 | OK | |
r-release-windows-ix86+x86_64 | 1.0.3 | 146.00 | 189.00 | 335.00 | OK | |
r-release-osx-x86_64 | 1.0.3 | NOTE | ||||
r-oldrel-windows-ix86+x86_64 | 1.0.3 | 97.00 | 184.00 | 281.00 | OK | |
r-oldrel-osx-x86_64 | 1.0.3 | NOTE |
Version: 1.0.3
Check: whether package can be installed
Result: WARN
Found the following significant warnings:
Utility_fun.cpp:92:8: warning: absolute value function 'abs' given an argument of type 'long' but has parameter of type 'int' which may cause truncation of value [-Wabsolute-value]
Flavor: r-devel-linux-x86_64-debian-clang
Version: 1.0.3
Check: installed package size
Result: NOTE
installed size is 7.1Mb
sub-directories of 1Mb or more:
data 1.0Mb
libs 5.2Mb
Flavors: r-devel-linux-x86_64-fedora-clang, r-release-osx-x86_64, r-oldrel-osx-x86_64