Last updated on 2019-10-31 00:50:57 CET.
Flavor | Version | Tinstall | Tcheck | Ttotal | Status | Flags |
---|---|---|---|---|---|---|
r-devel-linux-x86_64-debian-clang | 0.3.42 | 13.19 | 208.02 | 221.21 | OK | |
r-devel-linux-x86_64-debian-gcc | 0.3.42 | 8.47 | 162.27 | 170.74 | OK | |
r-devel-linux-x86_64-fedora-clang | 0.3.42 | 304.73 | OK | |||
r-devel-linux-x86_64-fedora-gcc | 0.3.42 | 270.18 | OK | |||
r-devel-windows-ix86+x86_64 | 0.3.42 | 27.00 | 274.00 | 301.00 | OK | |
r-patched-linux-x86_64 | 0.3.42 | 11.93 | 210.53 | 222.46 | OK | |
r-patched-solaris-x86 | 0.3.42 | 419.60 | OK | |||
r-release-linux-x86_64 | 0.3.42 | 10.94 | 213.27 | 224.21 | OK | |
r-release-windows-ix86+x86_64 | 0.3.42 | 28.00 | 268.00 | 296.00 | OK | |
r-release-osx-x86_64 | 0.3.42 | WARN | ||||
r-oldrel-windows-ix86+x86_64 | 0.3.42 | 20.00 | 295.00 | 315.00 | OK | |
r-oldrel-osx-x86_64 | 0.3.42 | OK |
Version: 0.3.42
Check: whether package can be installed
Result: WARN
Found the following significant warnings:
Warning: 'rgl_init' failed, running with rgl.useNULL = TRUE
Flavor: r-release-osx-x86_64