Last updated on 2019-10-31 00:50:57 CET.
Flavor | Version | Tinstall | Tcheck | Ttotal | Status | Flags |
---|---|---|---|---|---|---|
r-devel-linux-x86_64-debian-clang | 0.9.9 | 150.67 | 116.50 | 267.17 | OK | |
r-devel-linux-x86_64-debian-gcc | 0.9.9 | 97.51 | 83.60 | 181.11 | OK | |
r-devel-linux-x86_64-fedora-clang | 0.9.9 | 342.70 | NOTE | |||
r-devel-linux-x86_64-fedora-gcc | 0.9.9 | 321.66 | OK | |||
r-devel-windows-ix86+x86_64 | 0.9.9 | 274.00 | 234.00 | 508.00 | OK | |
r-patched-linux-x86_64 | 0.9.9 | 109.82 | 108.67 | 218.49 | OK | |
r-patched-solaris-x86 | 0.9.9 | 281.50 | OK | |||
r-release-linux-x86_64 | 0.9.9 | 108.69 | 109.70 | 218.39 | OK | |
r-release-windows-ix86+x86_64 | 0.9.9 | 267.00 | 233.00 | 500.00 | OK | |
r-release-osx-x86_64 | 0.9.9 | NOTE | ||||
r-oldrel-windows-ix86+x86_64 | 0.9.9 | 187.00 | 233.00 | 420.00 | OK | |
r-oldrel-osx-x86_64 | 0.9.9 | NOTE |
Version: 0.9.9
Check: installed package size
Result: NOTE
installed size is 7.6Mb
sub-directories of 1Mb or more:
libs 6.4Mb
Flavors: r-devel-linux-x86_64-fedora-clang, r-release-osx-x86_64, r-oldrel-osx-x86_64