Last updated on 2019-10-31 00:50:57 CET.
Flavor | Version | Tinstall | Tcheck | Ttotal | Status | Flags |
---|---|---|---|---|---|---|
r-devel-linux-x86_64-debian-clang | 2.3.0 | 1.94 | 18.46 | 20.40 | NOTE | |
r-devel-linux-x86_64-debian-gcc | 2.3.0 | 1.77 | 14.86 | 16.63 | NOTE | |
r-devel-linux-x86_64-fedora-clang | 2.3.0 | 25.76 | NOTE | |||
r-devel-linux-x86_64-fedora-gcc | 2.3.0 | 25.04 | NOTE | |||
r-devel-windows-ix86+x86_64 | 2.3.0 | 9.00 | 28.00 | 37.00 | NOTE | |
r-patched-linux-x86_64 | 2.3.0 | 1.75 | 18.25 | 20.00 | NOTE | |
r-patched-solaris-x86 | 2.3.0 | 36.80 | NOTE | |||
r-release-linux-x86_64 | 2.3.0 | 1.75 | 17.63 | 19.38 | NOTE | |
r-release-windows-ix86+x86_64 | 2.3.0 | 5.00 | 49.00 | 54.00 | NOTE | |
r-release-osx-x86_64 | 2.3.0 | NOTE | ||||
r-oldrel-windows-ix86+x86_64 | 2.3.0 | 3.00 | 26.00 | 29.00 | NOTE | |
r-oldrel-osx-x86_64 | 2.3.0 | NOTE |
Version: 2.3.0
Check: R code for possible problems
Result: NOTE
ICCbare: no visible global function definition for 'na.omit'
ICCbare: no visible global function definition for 'formula'
ICCbare: no visible global function definition for 'replications'
ICCbare: no visible global function definition for 'aggregate'
ICCbare: no visible global function definition for 'anova'
ICCbare: no visible global function definition for 'aov'
ICCbareF: no visible global function definition for 'aggregate'
ICCest: no visible global function definition for 'na.omit'
ICCest: no visible global function definition for 'anova'
ICCest: no visible global function definition for 'aov'
ICCest: no visible global function definition for 'aggregate'
ICCest: no visible global function definition for 'qf'
ICCest: no visible global function definition for 'qnorm'
Nest: no visible global function definition for 'qnorm'
effort : CIW: no visible global function definition for 'qf'
effort: no visible global function definition for 'plot'
effort: no visible global function definition for 'axis'
effort: no visible global function definition for 'lines'
effort: no visible global function definition for 'legend'
Undefined global functions or variables:
aggregate anova aov axis formula legend lines na.omit plot qf qnorm
replications
Consider adding
importFrom("graphics", "axis", "legend", "lines", "plot")
importFrom("stats", "aggregate", "anova", "aov", "formula", "na.omit",
"qf", "qnorm", "replications")
to your NAMESPACE file.
Flavors: r-devel-linux-x86_64-debian-clang, r-devel-linux-x86_64-debian-gcc, r-devel-linux-x86_64-fedora-clang, r-devel-linux-x86_64-fedora-gcc, r-devel-windows-ix86+x86_64, r-patched-linux-x86_64, r-patched-solaris-x86, r-release-linux-x86_64, r-release-windows-ix86+x86_64, r-release-osx-x86_64, r-oldrel-windows-ix86+x86_64, r-oldrel-osx-x86_64