Last updated on 2019-10-31 00:50:57 CET.
Flavor | Version | Tinstall | Tcheck | Ttotal | Status | Flags |
---|---|---|---|---|---|---|
r-devel-linux-x86_64-debian-clang | 0.0.1 | 2.51 | 20.18 | 22.69 | NOTE | |
r-devel-linux-x86_64-debian-gcc | 0.0.1 | 1.92 | 16.34 | 18.26 | NOTE | |
r-devel-linux-x86_64-fedora-clang | 0.0.1 | 28.39 | NOTE | |||
r-devel-linux-x86_64-fedora-gcc | 0.0.1 | 27.78 | NOTE | |||
r-devel-windows-ix86+x86_64 | 0.0.1 | 11.00 | 42.00 | 53.00 | NOTE | |
r-patched-linux-x86_64 | 0.0.1 | 2.00 | 19.89 | 21.89 | NOTE | |
r-patched-solaris-x86 | 0.0.1 | 43.90 | NOTE | |||
r-release-linux-x86_64 | 0.0.1 | 1.94 | 19.53 | 21.47 | NOTE | |
r-release-windows-ix86+x86_64 | 0.0.1 | 6.00 | 66.00 | 72.00 | NOTE | |
r-release-osx-x86_64 | 0.0.1 | NOTE | ||||
r-oldrel-windows-ix86+x86_64 | 0.0.1 | 5.00 | 38.00 | 43.00 | NOTE | |
r-oldrel-osx-x86_64 | 0.0.1 | NOTE |
Version: 0.0.1
Check: DESCRIPTION meta-information
Result: NOTE
Malformed Title field: should not end in a period.
Malformed Description field: should contain one or more complete sentences.
Flavors: r-devel-linux-x86_64-debian-clang, r-devel-linux-x86_64-debian-gcc, r-devel-linux-x86_64-fedora-clang, r-devel-linux-x86_64-fedora-gcc, r-devel-windows-ix86+x86_64, r-patched-linux-x86_64, r-patched-solaris-x86, r-release-linux-x86_64, r-release-windows-ix86+x86_64, r-release-osx-x86_64, r-oldrel-windows-ix86+x86_64, r-oldrel-osx-x86_64
Version: 0.0.1
Check: dependencies in R code
Result: NOTE
Package in Depends field not imported from: 'gtools'
These packages need to be imported from (in the NAMESPACE file)
for when this namespace is loaded but not attached.
Flavors: r-devel-linux-x86_64-debian-clang, r-devel-linux-x86_64-debian-gcc, r-devel-linux-x86_64-fedora-clang, r-devel-linux-x86_64-fedora-gcc, r-devel-windows-ix86+x86_64, r-patched-linux-x86_64, r-patched-solaris-x86, r-release-linux-x86_64, r-release-windows-ix86+x86_64, r-release-osx-x86_64, r-oldrel-windows-ix86+x86_64, r-oldrel-osx-x86_64
Version: 0.0.1
Check: R code for possible problems
Result: NOTE
NB: .First.lib is obsolete and will not be used in R >= 3.0.0
make_template: no visible global function definition for 'invalid'
Undefined global functions or variables:
invalid
Flavors: r-devel-linux-x86_64-debian-clang, r-devel-linux-x86_64-debian-gcc, r-devel-linux-x86_64-fedora-clang, r-devel-linux-x86_64-fedora-gcc, r-devel-windows-ix86+x86_64, r-patched-linux-x86_64, r-patched-solaris-x86, r-release-linux-x86_64, r-release-windows-ix86+x86_64, r-release-osx-x86_64, r-oldrel-windows-ix86+x86_64, r-oldrel-osx-x86_64
Version: 0.0.1
Check: compiled code
Result: NOTE
File ‘JASPAR/libs/JASPAR.so’:
Found no calls to: ‘R_registerRoutines’, ‘R_useDynamicSymbols’
It is good practice to register native routines and to disable symbol
search.
See ‘Writing portable packages’ in the ‘Writing R Extensions’ manual.
Flavors: r-devel-linux-x86_64-fedora-clang, r-devel-linux-x86_64-fedora-gcc