CRAN Package Check Results for Package JMcmprsk

Last updated on 2019-10-31 00:50:57 CET.

Flavor Version Tinstall Tcheck Ttotal Status Flags
r-devel-linux-x86_64-debian-clang 0.9.6 56.91 38.20 95.11 OK
r-devel-linux-x86_64-debian-gcc 0.9.6 43.19 29.81 73.00 OK
r-devel-linux-x86_64-fedora-clang 0.9.6 141.76 NOTE
r-devel-linux-x86_64-fedora-gcc 0.9.6 140.52 NOTE
r-devel-windows-ix86+x86_64 0.9.6 164.00 118.00 282.00 OK
r-patched-linux-x86_64 0.9.6 48.09 37.29 85.38 OK
r-patched-solaris-x86 0.9.6 141.60 OK
r-release-linux-x86_64 0.9.6 47.44 37.28 84.72 OK
r-release-windows-ix86+x86_64 0.9.6 131.00 109.00 240.00 OK
r-release-osx-x86_64 0.9.6 NOTE
r-oldrel-windows-ix86+x86_64 0.9.6 94.00 118.00 212.00 OK
r-oldrel-osx-x86_64 0.9.6 OK

Additional issues

valgrind

Check Details

Version: 0.9.6
Check: top-level files
Result: NOTE
     possible bashism in configure line 44 ($BASH_SOMETHING):
     if test -z "$BASH_VERSION$ZSH_VERSION" \
     && (test "X`print -r -- $as_echo`" = "X$as_echo") 2>/dev/null; then
     possible bashism in configure line 334 ([^] should be [!]):
     sed '/^X\(.*[^/]\)\/\/*[^/][^/]*\/*$/{
     possible bashism in configure line 338 ([^] should be [!]):
     /^X\(\/\/\)[^/].*/{
     possible bashism in configure line 442 ([^] should be [!]):
     sed '/^.*\/\([^/][^/]*\)\/*$/{
     possible bashism in configure line 500 (echo -n):
     case `echo -n x` in #(((((
     possible bashism in configure line 502 (unsafe echo with backslash):
     case `echo 'xy\c'` in
Flavors: r-devel-linux-x86_64-fedora-clang, r-devel-linux-x86_64-fedora-gcc

Version: 0.9.6
Check: installed package size
Result: NOTE
     installed size is 5.1Mb
     sub-directories of 1Mb or more:
     libs 4.5Mb
Flavor: r-release-osx-x86_64