CRAN Package Check Results for Package L0Learn

Last updated on 2019-10-31 00:50:58 CET.

Flavor Version Tinstall Tcheck Ttotal Status Flags
r-devel-linux-x86_64-debian-clang 1.2.0 274.15 105.28 379.43 OK
r-devel-linux-x86_64-debian-gcc 1.2.0 205.31 165.28 370.59 OK
r-devel-linux-x86_64-fedora-clang 1.2.0 533.41 NOTE
r-devel-linux-x86_64-fedora-gcc 1.2.0 514.27 OK
r-devel-windows-ix86+x86_64 1.2.0 651.00 256.00 907.00 NOTE
r-patched-linux-x86_64 1.2.0 216.87 171.35 388.22 OK
r-patched-solaris-x86 1.2.0 480.80 OK
r-release-linux-x86_64 1.2.0 215.95 170.71 386.66 OK
r-release-windows-ix86+x86_64 1.2.0 659.00 265.00 924.00 NOTE
r-release-osx-x86_64 1.2.0 NOTE
r-oldrel-windows-ix86+x86_64 1.2.0 477.00 288.00 765.00 NOTE
r-oldrel-osx-x86_64 1.2.0 NOTE

Check Details

Version: 1.2.0
Check: installed package size
Result: NOTE
     installed size is 18.3Mb
     sub-directories of 1Mb or more:
     doc 2.4Mb
     libs 15.7Mb
Flavors: r-devel-linux-x86_64-fedora-clang, r-devel-windows-ix86+x86_64, r-release-windows-ix86+x86_64, r-release-osx-x86_64, r-oldrel-windows-ix86+x86_64, r-oldrel-osx-x86_64