CRAN Package Check Results for Package LEANR

Last updated on 2019-10-31 00:50:58 CET.

Flavor Version Tinstall Tcheck Ttotal Status Flags
r-devel-linux-x86_64-debian-clang 1.4.9 8.64 152.16 160.80 OK
r-devel-linux-x86_64-debian-gcc 1.4.9 7.26 111.20 118.46 OK
r-devel-linux-x86_64-fedora-clang 1.4.9 175.18 OK
r-devel-linux-x86_64-fedora-gcc 1.4.9 192.95 OK
r-devel-windows-ix86+x86_64 1.4.9 20.00 216.00 236.00 NOTE
r-patched-linux-x86_64 1.4.9 8.95 140.48 149.43 OK
r-patched-solaris-x86 1.4.9 230.30 OK
r-release-linux-x86_64 1.4.9 8.26 142.38 150.64 OK
r-release-windows-ix86+x86_64 1.4.9 16.00 207.00 223.00 NOTE
r-release-osx-x86_64 1.4.9 OK
r-oldrel-windows-ix86+x86_64 1.4.9 8.00 258.00 266.00 NOTE
r-oldrel-osx-x86_64 1.4.9 OK

Check Details

Version: 1.4.9
Check: package dependencies
Result: NOTE
    Package suggested but not available for checking: 'doMC'
Flavors: r-devel-windows-ix86+x86_64, r-release-windows-ix86+x86_64, r-oldrel-windows-ix86+x86_64