CRAN Package Check Results for Package LLM

Last updated on 2019-10-31 00:50:58 CET.

Flavor Version Tinstall Tcheck Ttotal Status Flags
r-devel-linux-x86_64-debian-clang 1.0.0 13.03 101.91 114.94 OK
r-devel-linux-x86_64-debian-gcc 1.0.0 11.32 78.32 89.64 OK
r-devel-linux-x86_64-fedora-clang 1.0.0 136.18 OK
r-devel-linux-x86_64-fedora-gcc 1.0.0 148.37 OK
r-devel-windows-ix86+x86_64 1.0.0 19.00 7.00 26.00 ERROR
r-patched-linux-x86_64 1.0.0 13.88 95.47 109.35 OK
r-release-linux-x86_64 1.0.0 13.15 95.39 108.54 OK
r-release-windows-ix86+x86_64 1.0.0 31.00 94.00 125.00 OK
r-release-osx-x86_64 1.0.0 OK
r-oldrel-windows-ix86+x86_64 1.0.0 15.00 138.00 153.00 OK
r-oldrel-osx-x86_64 1.0.0 OK

Check Details

Version: 1.0.0
Check: whether package can be installed
Result: ERROR
    Installation failed.
Flavor: r-devel-windows-ix86+x86_64