CRAN Package Check Results for Package Lahman

Last updated on 2019-10-31 00:50:58 CET.

Flavor Version Tinstall Tcheck Ttotal Status Flags
r-devel-linux-x86_64-debian-clang 7.0-1 10.03 71.51 81.54 OK
r-devel-linux-x86_64-debian-gcc 7.0-1 8.13 54.30 62.43 OK
r-devel-linux-x86_64-fedora-clang 7.0-1 114.44 NOTE
r-devel-linux-x86_64-fedora-gcc 7.0-1 104.71 OK
r-devel-windows-ix86+x86_64 7.0-1 24.00 125.00 149.00 NOTE
r-patched-linux-x86_64 7.0-1 8.41 68.83 77.24 OK
r-patched-solaris-x86 7.0-1 143.20 NOTE
r-release-linux-x86_64 7.0-1 9.93 68.94 78.87 OK
r-release-windows-ix86+x86_64 7.0-1 19.00 116.00 135.00 NOTE
r-release-osx-x86_64 7.0-1 NOTE
r-oldrel-windows-ix86+x86_64 7.0-1 11.00 123.00 134.00 NOTE
r-oldrel-osx-x86_64 7.0-1 NOTE

Check Details

Version: 7.0-1
Check: installed package size
Result: NOTE
     installed size is 9.1Mb
     sub-directories of 1Mb or more:
     data 8.4Mb
Flavors: r-devel-linux-x86_64-fedora-clang, r-devel-windows-ix86+x86_64, r-patched-solaris-x86, r-release-windows-ix86+x86_64, r-release-osx-x86_64, r-oldrel-windows-ix86+x86_64, r-oldrel-osx-x86_64