CRAN Package Check Results for Package LaplacesDemon

Last updated on 2019-10-31 00:50:58 CET.

Flavor Version Tinstall Tcheck Ttotal Status Flags
r-devel-linux-x86_64-debian-clang 16.1.1 44.20 242.65 286.85 NOTE
r-devel-linux-x86_64-debian-gcc 16.1.1 37.41 180.24 217.65 NOTE
r-devel-linux-x86_64-fedora-clang 16.1.1 344.23 NOTE
r-devel-linux-x86_64-fedora-gcc 16.1.1 368.03 NOTE
r-devel-windows-ix86+x86_64 16.1.1 71.00 301.00 372.00 NOTE
r-patched-linux-x86_64 16.1.1 39.86 233.78 273.64 OK
r-patched-solaris-x86 16.1.1 368.50 NOTE
r-release-linux-x86_64 16.1.1 39.52 236.11 275.63 OK
r-release-windows-ix86+x86_64 16.1.1 71.00 222.00 293.00 NOTE
r-release-osx-x86_64 16.1.1 NOTE
r-oldrel-windows-ix86+x86_64 16.1.1 54.00 255.00 309.00 NOTE
r-oldrel-osx-x86_64 16.1.1 NOTE

Additional issues

MKL

Check Details

Version: 16.1.1
Check: for non-standard things in the check directory
Result: NOTE
    Found the following files/directories:
     'X.csv'
Flavors: r-devel-linux-x86_64-debian-clang, r-devel-linux-x86_64-debian-gcc, r-devel-linux-x86_64-fedora-clang, r-devel-linux-x86_64-fedora-gcc

Version: 16.1.1
Check: installed package size
Result: NOTE
     installed size is 5.3Mb
     sub-directories of 1Mb or more:
     R 1.5Mb
     doc 2.4Mb
     help 1.1Mb
Flavors: r-devel-linux-x86_64-fedora-clang, r-devel-windows-ix86+x86_64, r-patched-solaris-x86, r-release-windows-ix86+x86_64, r-release-osx-x86_64, r-oldrel-windows-ix86+x86_64, r-oldrel-osx-x86_64