CRAN Package Check Results for Package LeArEst

Last updated on 2019-10-31 00:50:58 CET.

Flavor Version Tinstall Tcheck Ttotal Status Flags
r-devel-linux-x86_64-debian-clang 1.0.0 4.36 27.17 31.53 OK
r-devel-linux-x86_64-debian-gcc 1.0.0 3.72 21.04 24.76 OK
r-devel-linux-x86_64-fedora-clang 1.0.0 39.04 OK
r-devel-linux-x86_64-fedora-gcc 1.0.0 41.31 OK
r-devel-windows-ix86+x86_64 1.0.0 15.00 49.00 64.00 OK
r-patched-linux-x86_64 1.0.0 3.40 26.33 29.73 OK
r-patched-solaris-x86 1.0.0 55.30 OK
r-release-linux-x86_64 1.0.0 4.06 26.86 30.92 OK
r-release-windows-ix86+x86_64 1.0.0 11.00 49.00 60.00 OK
r-release-osx-x86_64 1.0.0 FAIL
r-oldrel-windows-ix86+x86_64 1.0.0 6.00 61.00 67.00 OK
r-oldrel-osx-x86_64 1.0.0 OK

Check Details

Version: 1.0.0
Check: dependencies in R code
Result: FAIL
    
Flavor: r-release-osx-x86_64