CRAN Package Check Results for Package MDSMap

Last updated on 2019-10-31 00:50:59 CET.

Flavor Version Tinstall Tcheck Ttotal Status Flags
r-devel-linux-x86_64-debian-clang 1.1 12.79 145.10 157.89 OK
r-devel-linux-x86_64-debian-gcc 1.1 11.18 112.24 123.42 OK
r-devel-linux-x86_64-fedora-clang 1.1 187.89 OK
r-devel-linux-x86_64-fedora-gcc 1.1 202.73 OK
r-devel-windows-ix86+x86_64 1.1 70.00 229.00 299.00 OK
r-patched-linux-x86_64 1.1 13.77 138.86 152.63 OK
r-patched-solaris-x86 1.1 308.10 OK
r-release-linux-x86_64 1.1 13.01 135.14 148.15 OK
r-release-windows-ix86+x86_64 1.1 64.00 218.00 282.00 OK
r-release-osx-x86_64 1.1 WARN
r-oldrel-windows-ix86+x86_64 1.1 41.00 323.00 364.00 OK
r-oldrel-osx-x86_64 1.1 WARN

Check Details

Version: 1.1
Check: whether package can be installed
Result: WARN
    Found the following significant warnings:
     Warning: 'rgl_init' failed, running with rgl.useNULL = TRUE
Flavors: r-release-osx-x86_64, r-oldrel-osx-x86_64