Last updated on 2019-10-31 00:50:59 CET.
Flavor | Version | Tinstall | Tcheck | Ttotal | Status | Flags |
---|---|---|---|---|---|---|
r-devel-linux-x86_64-debian-clang | 1.3.7 | 41.83 | 158.90 | 200.73 | NOTE | |
r-devel-linux-x86_64-debian-gcc | 1.3.7 | 28.09 | 121.85 | 149.94 | NOTE | |
r-devel-linux-x86_64-fedora-clang | 1.3.7 | 236.88 | NOTE | |||
r-devel-linux-x86_64-fedora-gcc | 1.3.7 | 258.86 | NOTE | |||
r-devel-windows-ix86+x86_64 | 1.3.7 | 107.00 | 338.00 | 445.00 | OK | |
r-patched-linux-x86_64 | 1.3.7 | 35.02 | 151.16 | 186.18 | OK | |
r-patched-solaris-x86 | 1.3.7 | 471.00 | OK | |||
r-release-linux-x86_64 | 1.3.7 | 36.29 | 150.67 | 186.96 | OK | |
r-release-windows-ix86+x86_64 | 1.3.7 | 94.00 | 320.00 | 414.00 | OK | |
r-release-osx-x86_64 | 1.3.7 | OK | ||||
r-oldrel-windows-ix86+x86_64 | 1.3.7 | 58.00 | 335.00 | 393.00 | OK | |
r-oldrel-osx-x86_64 | 1.3.7 | OK |
Version: 1.3.7
Check: for non-standard things in the check directory
Result: NOTE
Found the following files/directories:
'Data_Correlation.txt' 'correlation_FDR_table.txt'
Flavors: r-devel-linux-x86_64-debian-clang, r-devel-linux-x86_64-debian-gcc, r-devel-linux-x86_64-fedora-clang, r-devel-linux-x86_64-fedora-gcc