Last updated on 2019-10-31 00:50:59 CET.
Flavor | Version | Tinstall | Tcheck | Ttotal | Status | Flags |
---|---|---|---|---|---|---|
r-devel-linux-x86_64-debian-clang | 0.5.4 | 6.21 | 33.91 | 40.12 | OK | |
r-devel-linux-x86_64-debian-gcc | 0.5.4 | 4.93 | 26.79 | 31.72 | OK | |
r-devel-linux-x86_64-fedora-clang | 0.5.4 | 58.14 | NOTE | |||
r-devel-linux-x86_64-fedora-gcc | 0.5.4 | 50.86 | NOTE | |||
r-devel-windows-ix86+x86_64 | 0.5.4 | 22.00 | 60.00 | 82.00 | OK | |
r-patched-linux-x86_64 | 0.5.4 | 5.01 | 33.36 | 38.37 | OK | |
r-patched-solaris-x86 | 0.5.4 | 64.90 | NOTE | |||
r-release-linux-x86_64 | 0.5.4 | 5.81 | 33.42 | 39.23 | OK | |
r-release-windows-ix86+x86_64 | 0.5.4 | 15.00 | 57.00 | 72.00 | OK | |
r-release-osx-x86_64 | 0.5.4 | NOTE | ||||
r-oldrel-windows-ix86+x86_64 | 0.5.4 | 8.00 | 70.00 | 78.00 | OK | |
r-oldrel-osx-x86_64 | 0.5.4 | NOTE |
Version: 0.5.4
Check: dependencies in R code
Result: NOTE
Namespace in Imports field not imported from: ‘methods’
All declared Imports should be used.
Flavors: r-devel-linux-x86_64-fedora-clang, r-devel-linux-x86_64-fedora-gcc, r-patched-solaris-x86, r-release-osx-x86_64, r-oldrel-osx-x86_64