Last updated on 2019-10-31 00:51:00 CET.
Flavor | Version | Tinstall | Tcheck | Ttotal | Status | Flags |
---|---|---|---|---|---|---|
r-devel-linux-x86_64-debian-clang | 0.1.0 | 1.85 | 16.31 | 18.16 | OK | |
r-devel-linux-x86_64-debian-gcc | 0.1.0 | 1.60 | 13.15 | 14.75 | OK | |
r-devel-linux-x86_64-fedora-clang | 0.1.0 | 22.96 | NOTE | |||
r-devel-linux-x86_64-fedora-gcc | 0.1.0 | 23.66 | NOTE | |||
r-devel-windows-ix86+x86_64 | 0.1.0 | 17.00 | 44.00 | 61.00 | OK | |
r-patched-linux-x86_64 | 0.1.0 | 1.69 | 16.05 | 17.74 | OK | |
r-patched-solaris-x86 | 0.1.0 | 37.30 | NOTE | |||
r-release-linux-x86_64 | 0.1.0 | 1.61 | 16.35 | 17.96 | OK | |
r-release-windows-ix86+x86_64 | 0.1.0 | 9.00 | 36.00 | 45.00 | OK | |
r-release-osx-x86_64 | 0.1.0 | NOTE | ||||
r-oldrel-windows-ix86+x86_64 | 0.1.0 | 4.00 | 40.00 | 44.00 | OK | |
r-oldrel-osx-x86_64 | 0.1.0 | NOTE |
Version: 0.1.0
Check: dependencies in R code
Result: NOTE
Namespaces in Imports field not imported from:
‘QuantPsyc’ ‘corrgram’ ‘dplyr’ ‘forecast’ ‘psych’ ‘shinyAce’
All declared Imports should be used.
Flavors: r-devel-linux-x86_64-fedora-clang, r-devel-linux-x86_64-fedora-gcc, r-patched-solaris-x86, r-release-osx-x86_64, r-oldrel-osx-x86_64