CRAN Package Check Results for Package MNLR

Last updated on 2019-10-31 00:51:00 CET.

Flavor Version Tinstall Tcheck Ttotal Status Flags
r-devel-linux-x86_64-debian-clang 0.1.0 2.15 16.66 18.81 OK
r-devel-linux-x86_64-debian-gcc 0.1.0 1.78 13.69 15.47 OK
r-devel-linux-x86_64-fedora-clang 0.1.0 23.92 NOTE
r-devel-linux-x86_64-fedora-gcc 0.1.0 23.70 NOTE
r-devel-windows-ix86+x86_64 0.1.0 13.00 43.00 56.00 OK
r-patched-linux-x86_64 0.1.0 1.85 16.99 18.84 OK
r-patched-solaris-x86 0.1.0 38.80 NOTE
r-release-linux-x86_64 0.1.0 1.88 16.30 18.18 OK
r-release-windows-ix86+x86_64 0.1.0 11.00 39.00 50.00 OK
r-release-osx-x86_64 0.1.0 NOTE
r-oldrel-windows-ix86+x86_64 0.1.0 8.00 42.00 50.00 OK
r-oldrel-osx-x86_64 0.1.0 NOTE

Check Details

Version: 0.1.0
Check: dependencies in R code
Result: NOTE
    Namespaces in Imports field not imported from:
     ‘caret’ ‘datasets’ ‘e1071’ ‘nnet’ ‘shiny’ ‘stats’
     All declared Imports should be used.
Flavors: r-devel-linux-x86_64-fedora-clang, r-devel-linux-x86_64-fedora-gcc, r-patched-solaris-x86, r-release-osx-x86_64, r-oldrel-osx-x86_64