Last updated on 2019-10-31 00:50:59 CET.
Flavor | Version | Tinstall | Tcheck | Ttotal | Status | Flags |
---|---|---|---|---|---|---|
r-devel-linux-x86_64-debian-clang | 1.0.0 | 4.39 | 35.85 | 40.24 | OK | |
r-devel-linux-x86_64-debian-gcc | 1.0.0 | 3.87 | 28.74 | 32.61 | OK | |
r-devel-linux-x86_64-fedora-clang | 1.0.0 | 48.96 | NOTE | |||
r-devel-linux-x86_64-fedora-gcc | 1.0.0 | 51.85 | NOTE | |||
r-devel-windows-ix86+x86_64 | 1.0.0 | 17.00 | 66.00 | 83.00 | OK | |
r-patched-linux-x86_64 | 1.0.0 | 4.35 | 34.63 | 38.98 | OK | |
r-patched-solaris-x86 | 1.0.0 | 74.70 | NOTE | |||
r-release-linux-x86_64 | 1.0.0 | 4.04 | 35.00 | 39.04 | OK | |
r-release-windows-ix86+x86_64 | 1.0.0 | 11.00 | 65.00 | 76.00 | OK | |
r-release-osx-x86_64 | 1.0.0 | NOTE | ||||
r-oldrel-windows-ix86+x86_64 | 1.0.0 | 7.00 | 80.00 | 87.00 | OK | |
r-oldrel-osx-x86_64 | 1.0.0 | NOTE |
Version: 1.0.0
Check: dependencies in R code
Result: NOTE
Namespaces in Imports field not imported from:
‘dplyr’ ‘rgdal’ ‘rlang’ ‘testthat’
All declared Imports should be used.
Flavors: r-devel-linux-x86_64-fedora-clang, r-devel-linux-x86_64-fedora-gcc, r-patched-solaris-x86, r-release-osx-x86_64, r-oldrel-osx-x86_64